{"id":158,"date":"2026-04-01T12:51:59","date_gmt":"2026-04-01T12:51:59","guid":{"rendered":"http:\/\/antoineroche.fr\/?page_id=158"},"modified":"2026-04-06T09:00:57","modified_gmt":"2026-04-06T09:00:57","slug":"fichier-de-style-latex","status":"publish","type":"page","link":"https:\/\/antoineroche.fr\/index.php\/cours\/fichier-de-style-latex\/","title":{"rendered":"Fichier de style Latex"},"content":{"rendered":"\n<p>Les fichiers sources utilise le fichier de style &#8220;style_perso.sty&#8221;, ce fichier met en page le header et footer des pages et ajoute des fonctions utiles.<\/p>\n\n\n\n<p>Mise en place:<\/p>\n\n\n\n<ul class=\"wp-block-list\">\n<li>Modifier les lignes 19 \u00e0 23 pour changer les mentions de l&#8217;auteur, de la classe, de l&#8217;\u00e9tablissement&#8230;<\/li>\n\n\n\n<li>La mise en page prends une image placer dans un dossier (ici j&#8217;utilisais la mise en place de l&#8217;UPSTI). On peut modifier la photo utilis\u00e9 pour la premi\u00e8re page en modifiant la ligne 96.<\/li>\n\n\n\n<li>La modification du nom du module et du titre du document est r\u00e9gl\u00e9 au d\u00e9but de chaque document.<\/li>\n\n\n\n<li>Si mettre le fichier dans le PATH ne fonctionne pas, il est possible de mettre le fichier dans le m\u00eame dossier que le fichier .tex.<\/li>\n<\/ul>\n\n\n\n<p>Fonctions ajout\u00e9es :<\/p>\n\n\n\n<ul class=\"wp-block-list\">\n<li>\\premierepage : Cr\u00e9e l&#8217;en t\u00eate de la premi\u00e8re page.<\/li>\n\n\n\n<li>\\ve{#1} : Ecrit la quantit\u00e9 #1 avec un vecteur (exactement identique \u00e0 la fonction \\overrightarrow{#1}).<\/li>\n\n\n\n<li>\\indiceg{#1}{#2} : met l&#8217;indice #1 \u00e0 gauche de la grandeur #2.<\/li>\n\n\n\n<li>\\torseur{#1} : Cr\u00e9e un torseur avec la quantit\u00e9 #1.<\/li>\n\n\n\n<li>\\tV{#1}{#2}: Ecrit le torseur cin\u00e9matique du mouvement de #1 dans son mouvement par rapport \u00e0 #2.<\/li>\n\n\n\n<li>\\tT{#1}{#2}: Ecrit le torseur d&#8217;action m\u00e9canique de la source #1 sur le solide #2.<\/li>\n\n\n\n<li>\\tC{#1}{#2}: Ecrit le torseur cin\u00e9tique du mouvement de #1 dans son mouvement par rapport \u00e0 #2.<\/li>\n\n\n\n<li>\\tD{#1}{#2}: Ecrit le torseur dynamique du mouvement de #1 dans son mouvement par rapport \u00e0 #2.<\/li>\n\n\n\n<li>\\tLigne{#1}{#2}{#3}: Ecrit un torseur en ligne avec la quantit\u00e9 #1 en r\u00e9sultante, #2 pour le moment et #3 comme le point de r\u00e9duction.<\/li>\n\n\n\n<li>\\tCol{#1}&#8230;{#8}: Ecrit un torseur en colonne avec les quantit\u00e9s #1, #2 et #3 pour la r\u00e9sultante, #4, #5 et #6 pour le moment, #7 pour le point de r\u00e9duction (en bas \u00e0 gauche) et #8 pour le rep\u00e8re d&#8217;\u00e9criture (en bas \u00e0 droite).<\/li>\n\n\n\n<li>\\cadre{#1}{#2}{#3} : Cr\u00e9e un cadre de la couleur {#1}, avec le titre (dans un cadre au dessus) {#2} avec le contenu #3.<\/li>\n\n\n\n<li>\\Question : Mise en page des questions avec num\u00e9rotation automatique (le compteur \u00e0 modifier est numeroQuestion).<\/li>\n\n\n\n<li>\\resetNumQuestion : Remet \u00e0 0 le num\u00e9ro des questions.<\/li>\n\n\n\n<li>\\Exercice : Mise en page des exercice avec num\u00e9rotation automatique (le compteur \u00e0 modifier est numeroExercice).<\/li>\n\n\n\n<li>\\resetNumExercice : Remet \u00e0 0 le num\u00e9ro des exercices.<\/li>\n<\/ul>\n\n\n\n<p><a href=\"http:\/\/antoineroche.fr\/wp-content\/uploads\/2026\/04\/style_perso.zip\">Lien vers le fichier<\/a><\/p>\n\n\n\n<p><\/p>\n","protected":false},"excerpt":{"rendered":"<p>Les fichiers sources utilise le fichier de style &#8220;style_perso.sty&#8221;, ce fichier met en page le header et footer des pages et ajoute des fonctions utiles. Mise en place: Fonctions ajout\u00e9es : Lien vers le fichier<\/p>\n","protected":false},"author":1,"featured_media":0,"parent":12,"menu_order":0,"comment_status":"closed","ping_status":"closed","template":"","meta":{"footnotes":""},"class_list":["post-158","page","type-page","status-publish","hentry"],"_links":{"self":[{"href":"https:\/\/antoineroche.fr\/index.php\/wp-json\/wp\/v2\/pages\/158","targetHints":{"allow":["GET"]}}],"collection":[{"href":"https:\/\/antoineroche.fr\/index.php\/wp-json\/wp\/v2\/pages"}],"about":[{"href":"https:\/\/antoineroche.fr\/index.php\/wp-json\/wp\/v2\/types\/page"}],"author":[{"embeddable":true,"href":"https:\/\/antoineroche.fr\/index.php\/wp-json\/wp\/v2\/users\/1"}],"replies":[{"embeddable":true,"href":"https:\/\/antoineroche.fr\/index.php\/wp-json\/wp\/v2\/comments?post=158"}],"version-history":[{"count":7,"href":"https:\/\/antoineroche.fr\/index.php\/wp-json\/wp\/v2\/pages\/158\/revisions"}],"predecessor-version":[{"id":217,"href":"https:\/\/antoineroche.fr\/index.php\/wp-json\/wp\/v2\/pages\/158\/revisions\/217"}],"up":[{"embeddable":true,"href":"https:\/\/antoineroche.fr\/index.php\/wp-json\/wp\/v2\/pages\/12"}],"wp:attachment":[{"href":"https:\/\/antoineroche.fr\/index.php\/wp-json\/wp\/v2\/media?parent=158"}],"curies":[{"name":"wp","href":"https:\/\/api.w.org\/{rel}","templated":true}]}}